m) = -132*m**2 + 384*m + 7. Calculate s(3).
-29
Let g(c) = 6*c**2 + 12*c + 5. Give g(-8).
293
Let n(b) = -57*b**3 - 19*b**2 + 45*b - 12. Give n(2).
-454
Let o(u) = 4*u**2 - 46*u + 47. What is o(1)?
5
Let l(d) = -316*d - 17077. Calculate l(-54).
-13
Let c(z) = -89*z - 704. Determine c(-8).
8
Let w(r) = 17*r**2 - 162*r + 148. What is w(1)?
3
Let o(d) = -12*d**2 - 160*d + 24. Give o(-14).
-88
Let f(o) = -980*o - 7023. Determine f(-7).
-163
Let j(n) = 3*n**2 - 1743*n - 12355. Calculate j(-7).
-7
Let n(r) = 3*r**2 - 28*r + 90. Calculate n(15).
345
Let p(z) = -z**3 - 4*z**2 + 47*z - 163. What is p(-10)?
-33
Let i(z) = -z**3 - 46*z**2 - 84*z + 137. Determine i(-44).
-39
Let o(r) = 121*r - 1931. Determine o(17).
126
Let w(r) = -27*r**3 - 247*r**2 - 38*r - 20. Determine w(-9).
-2
Let u(f) = 37*f - 1155. Give u(31).
-8
Let b(g) = -9434*g + 84901. What is b(9)?
-5
Let o(q) = 54*q + 1377. What is o(-28)?
-135
Let q(z) = -71*z - 3606. Give q(-51).
15
Let y(j) = 2*j**3 - 28*j**2 + 23*j - 8. Give y(8).
-592
Let k(v) = -v**2 - 17*v - 39. Calculate k(-12).
21
Let d(k) = 67*k - 2888. What is d(43)?
-7
Let b(l) = -62*l - 208. Determine b(-8).
288
Let u(p) = 248*p - 3573. What is u(15)?
147
Let f(c) = c**3 + 57*c**2 - 46*c + 689. Determine f(-58).
-7
Let l(f) = 24*f**2 + 457*f - 24. Calculate l(-19).
-43
Let u(s) = 242*s + 8456. Calculate u(-35).
-14
Let t(v) = 31*v**2 - 2*v - 1. Determine t(2).
119
Let v(t) = 7*t**2 + 600*t + 1004. What is v(-84)?
-4
Let n(h) = -h**2 + 6*h + 357. Calculate n(23).
-34
Let v(m) = 8*m**2 - 1585*m - 1385. Give v(199).
8
Let o(c) = c**3 - 82*c**2 + 180. Calculate o(82).
180
Let l(k) = -k**3 - 4*k**2 - 4*k - 30. Determine l(-5).
15
Let d(s) = 796*s - 19102. Determine d(24).
2
Let q(t) = 2*t**2 + 45*t + 261. Determine q(-13).
14
Let r(t) = -t**2 + 32*t - 60. What is r(26)?
96
Let q(r) = -3*r**3 - 5*r**2 + 13*r + 2. Determine q(4).
-218
Let a(l) = -l**3 + l**2 + 2791*l + 4. Determine a(0).
4
Let l(d) = 10*d**2 + 585*d + 7612. Calculate l(-39).
7
Let v(d) = 2*d**3 + 11*d**2 - 15*d - 88. What is v(-6)?
-34
Let o(v) = -v**2 - 16*v + 111. Give o(-21).
6
Let m(d) = -9*d + 32. Calculate m(9).
-49
Let c(h) = 54*h + 776. Determine c(-22).
-412
Let v(g) = -8*g - 108. Determine v(-27).
108
Let y(r) = -198*r**3 - 9*r - 9. What is y(-1)?
198
Let d(n) = n**3 + 9*n**2 - 23*n - 8. Determine d(-11).
3
Let m(h) = 16*h**2 + 30*h - 4. What is m(-2)?
0
Let i(z) = -45*z**3 - 7*z**2. Determine i(-1).
38
Let p(l) = -10*l - 62. Calculate p(-10).
38
Let b(m) = -474*m + 95778. Give b(202).
30
Let t(w) = 4*w**3 + 15*w**2 + 9*w + 6. Determine t(-3).
6
Let a(o) = -195*o + 22807. Calculate a(117).
-8
Let r(u) = -21*u**3 + u**2 - 5*u + 11. Give r(2).
-163
Let t(d) = -d**3 - 45*d**2 + 95*d + 5. Calculate t(-47).
-42
Let v(g) = -11*g - 18. Calculate v(-18).
180
Let b(k) = 2*k**2 - 40*k + 260. What is b(9)?
62
Let j(z) = 15*z**2 + 88*z + 87. Determine j(-6).
99
Let z(f) = -182*f**3 + 4*f**2 - 1. Determine z(1).
-179
Let o(q) = 39*q**2 - q - 2. What is o(3)?
346
Let g(n) = -11*n - 1847. What is g(-167)?
-10
Let t(u) = 14*u**2 - 15*u + 16. What is t(1)?
15
Let j(i) = -2*i**3 - 2*i**2 + 99*i + 455. Calculate j(-5).
160
Let p(g) = -162*g**2 + 69*g - 124. Calculate p(2).
-634
Let m(z) = 174*z - 1949. Give m(4).
-1253
Let c(w) = -4*w**3 + 28*w**2 + 3*w + 6. Give c(7).
27
Let y(g) = 4*g - 208. Calculate y(-9).
-244
Let v(c) = -431*c + 3016. Determine v(7).
-1
Let j(b) = b**3 + 6*b**2 - 17*b + 24. Give j(-8).
32
Let f(s) = 5*s**3 - 166*s**2 + 35*s - 68. Calculate f(33).
-2
Let g(f) = 2*f**3 - 29*f**2 + 21*f - 103. Give g(14).
-5
Let l(x) = x**3 + 9*x**2 - 24*x + 148. Calculate l(0).
148
Let h(p) = 3*p**2 + 60*p - 2239. Determine h(19).
-16
Let h(l) = -3*l**3 - 73*l**2 + 38*l - 303. Give h(-25).
-3
Let x(t) = t**3 - 11*t**2 + 28*t - 96. Determine x(9).
-6
Let x(i) = -29*i**2 + 258*i - 199. What is x(8)?
9
Let y(p) = -p**3 - 2*p**2 + 2*p + 26. Calculate y(0).
26
Let g(i) = -i**2 - 62*i + 273. Give g(-68).
-135
Let o(y) = -6*y**2 + 149*y + 21. Determine o(25).
-4
Let v(q) = 11*q**2 - 96*q + 33. Determine v(9).
60
Let y(f) = f**2 - 25*f - 4142. Give y(79).
124
Let u(f) = f**3 - 33*f**2 + 185*f - 56. Determine u(26).
22
Let l(t) = -19*t + 1580. What is l(84)?
-16
Let v(q) = q**3 - 16*q**2 + 9*q + 87. Give v(15).
-3
Let m(c) = 13*c + 17. Calculate m(11).
160
Let i(m) = -662*m - 3975. What is i(-6)?
-3
Let p(q) = 305*q - 5798. Give p(19).
-3
Let m(j) = 5*j**2 + 6*j - 21. What is m(-13)?
746
Let k(s) = -2*s**3 + 2*s**2 + 24*s - 64. What is k(3)?
-28
Let o(u) = u**3 + 10*u**2 + 105*u + 875. Determine o(-9).
11
Let c(z) = z**2 - 3*z + 7. Give c(8).
47
Let g(b) = -b**3 + 6*b**2 - 375*b + 1471. Determine g(4).
3
Let j(b) = -b**2 + 33*b - 275. Determine j(12).
-23
Let w(m) = -m**3 - 8*m**2 + 9*m - 97. Determine w(-10).
13
Let c(l) = -95*l - 116. What is c(0)?
-116
Let r(h) = 202*h - 524. Give r(2).
-120
Let x(i) = -i**2 + 27*i + 60. Give x(28).
32
Let q(a) = 5*a**2 - 82*a - 48. Give q(17).
3
Let g(h) = 46*h + 656. Give g(-16).
-80
Let o(m) = -m**3 + 86*m**2 + 755*m - 14. What is o(-8)?
-38
Let a(k) = 29*k**2 + 193*k + 88. What is a(-6)?
-26
Let d(o) = 2*o**3 + 293*o**2 + 159*o + 1882. What is d(-146)?
-16
Let o(k) = -25*k + 183. Calculate o(10).
-67
Let h(u) = -2*u**2 - 130*u + 413. Calculate h(-68).
5
Let g(m) = m**2 + 311*m + 22020. What is g(-109)?
2
Let d(s) = 2*s**3 + 44*s**2 + 17*s + 371. What is d(-22)?
-3
Let h(t) = 6*t**2 + 275*t + 1839. Give h(-38).
53
Let s(i) = -i**3 - 15*i**2 + 286. Give s(-14).
90
Let g(m) = 13*m - 632. Give g(54).
70
Let n(l) = 23*l**3 - 3*l - 47. Calculate n(-3).
-659
Let z(y) = -y**3 + 34*y**2 + 346*y - 428. Give z(42).
-8
Let l(n) = 18*n**2 + 143*n - 2. What is l(-8)?
6
Let p(i) = -i**2 + 717*i + 6559. Determine p(-9).
25
Let n(q) = -q**2 + 83*q - 421. Determine n(78).
-31
Let b(s) = -2*s**3 + 57*s**2 + 320*s - 70. Give b(-5).
5
Let o(y) = -y**3 + 28*y**2 + 129*y + 16. What is o(32)?
48
Let o(t) = -14*t**2 - 297*t - 1490. What is o(-13)?
5
Let o(q) = q**3 - 12*q**2 - 293*q + 3712. Determine o(15).
-8
Let x(y) = -18*y**2 - 708*y - 195. Determine x(-39).
39
Let c(a) = -37*a + 241. Determine c(5).
56
Let w(r) = 232*r - 448. Calculate w(2).
16
Let a(j) = j**2 + 133*j - 951. Give a(-140).
29
Let i(h) = -2*h**2 - 27*h - 75. What is i(-21)?
-390
Let p(g) = 2*g**3 - 26*g**2 + 11*g - 38. What is p(12)?
-194
Let c(b) = 2*b**3 + 19*b**2 + 9*b - 11. Calculate c(-9).
-11
Let l(t) = t**3 + 51*t**2 - 278*t + 108. Calculate l(-56).
-4
Let v(f) = 245*f + 1703. Determine v(-7).
-12
Let c(b) = -4*b**2 + 83*b + 253. Determine c(-3).
-32
Let x(v) = 5*v**2 - 25*v - 27. Calculate x(-1).
3
Let y(t) = -t**3 + 65*t**2 - 86*t + 1416. Determine y(64).
8
Let b(v) = 47*v + 3846. Determine b(-82).
-8
Let q(d) = -752*d - 13543. Calculate q(-18).
-7
Let v(n) = 20*n**2 + 1500*n + 2. What is v(-75)?
2
Let b(a) = -46*a**2 - 504*a + 6. Calculate b(-11).
-16
Let f(q) = -2*q**3 - 13*q**2 + 284*q + 1923. Determine f(-7).
-16
Let p(z) = -96*z**2 + 5*z - 4. What is p(1)?
-95
Let d(z) = z**2 - 5*z - 881. Calculate d(32).
-17
Let r(v) = -7*v - 53. Determine r(-18).
73
Let q(k) = 99*k**2 + 22*k - 24. Calculate q(1).
97
Let t(n) = 4*n**2 - 13*n - 69. Determine t(6).
-3
Let s(x) = -22*x**2 + 2*x - 2. Determine s(3).
-194
Let j(v) = -122*v + 858. Give j(7).
4
Let s(p) = -p**3 + 14*p**2 - 42*p + 13. What is s(8)?
61
Let g(x) = -26*x - 1725. Give g(-60).
-165
Let h(g) = -6*g**2 + 205*g - 250. Give h(34).
-216
Let u(m) = -m**2 - 11*m + 341. What is u(14)?
-9
Let x(k) = -k**3 - 42*k**2 - 403*k + 57. Give x(-27).
3
Let v(y) = -y**3 - 20*y**2 - 20*y + 136. Give v(-16).
-568
Let t(d) = -d**3 + 39*d**2 - 24*d + 820. What is t(39)?
-116
Let c(b) = -64*b + 254. Give c(4).
-2
Let d(p) = p**3 + 69*p**2 - 283*p + 736. What is d(-73)?
79
Let l(h) = h**3 + 14*h**2 + 20*h + 23. Determine l(-13).
-68
Let l(m) = 175*m**2 - 2*m - 1. Give l(1).
172
Let m(i) = -i**3 + 25*i**2 - 102*i + 17. Determine m(20).
-23
Let n(u) = 1710*u - 3393. Determine n(2).
27
Let h(t) = t**3 + 138*t**2 + 257*t - 2046. Determine h(-136).
-6
Let o(a) = 3*a**3 + 101*a**2 - 20*a + 479. What is o(-34)?
3
Let g(z) = -z**3 - 72*z**2 + 108*z + 2567. Determine g(-73).
12
Let a(r) = 7*r**3 - 171*r**2 - 109*r + 228. Give a(25).
3
Let o(h) = -h**2 + 67